n factor of 68 and b.
17
Suppose -4*v + 2*v = 0. Let q = 7 - v. Calculate the greatest common factor of 21 and q.
7
Suppose 5*c = 98 + 27. What is the highest common divisor of c and 275?
25
Let l = 40 + -28. What is the greatest common divisor of 84 and l?
12
Let x = 596 - 380. Suppose 0 = 7*y - 3*y - x. Let s(d) = d**3 + 8*d**2 + 5*d - 8. Let j be s(-7). Calculate the highest common divisor of y and j.
6
Suppose 2*l + w = -4*w - 6, 3*w = -6. Suppose 5*d = 2*m - 19, m - 3*m - 2 = 2*d. Calculate the greatest common factor of l and m.
2
Let j be 1 - 0 - (-8 + 1). Suppose -3*k = -j*k + 120. Calculate the greatest common divisor of 12 and k.
12
Suppose 0 = -2*p - 2*c + 76, -4*p = -3*c + 4*c - 137. Calculate the greatest common divisor of p and 22.
11
Let p be 52 - ((2 - -1) + -1). Let i = -4 - -9. Suppose i*s = -7 + 57. Calculate the greatest common factor of p and s.
10
Let h(t) = 6*t**2 - 1. Let a be h(-1). Suppose -v - b + 100 = 2*b, -a*v + 564 = -b. Calculate the greatest common divisor of v and 14.
14
Suppose 0*z = -3*b - 4*z + 52, 5*b - 92 = -4*z. Calculate the highest common factor of b and 70.
10
Suppose 5*p - 850 = -3*t, 5*p - 4*t + 431 = 1281. Let r be (2/(-1))/((-4)/p). What is the highest common divisor of 17 and r?
17
Suppose 729 = 3*l - 0*i + i, -3*l - 4*i + 738 = 0. Suppose 2*m + 22 = -4*u, -4 - 2 = 3*u + 5*m. Let r = 29 + u. What is the highest common divisor of l and r?
22
Suppose -2*j = -4*w + 50, -5*j = 5 - 30. Calculate the greatest common factor of w and 75.
15
Let p be (11/(-22))/((-2)/8). Calculate the greatest common divisor of p and 32.
2
Let u = 10 + -6. Suppose 0 = -5*n + 3*b + b + 104, 0 = -5*b - 5. Calculate the greatest common divisor of n and u.
4
Suppose -7*n + 2*n = 0. Let u = 4 - n. What is the highest common factor of u and 6?
2
Let f be 2/4*(0 - 0). Suppose 4*a - 7*a + 144 = f. Let s be 2/3*(0 - -24). What is the highest common factor of s and a?
16
Let h = 9 + 1. Let s = 19 - h. Calculate the highest common divisor of s and 3.
3
Let c be (9 - 3)*(7/(-3))/(-1). Calculate the greatest common factor of c and 35.
7
Let y(l) = 19*l**3 + l**2 + l + 2. Let q be y(2). Suppose 39 = -5*r + 139. What is the greatest common factor of r and q?
20
Suppose -4*z = 20, -4*z + 0*z - 18 = 2*f. Let p(s) = -s**2 + 7*s - 2. Let r be p(5). Calculate the highest common factor of r and f.
1
Let a(i) = i**3 + 13*i**2 - i - 5. Let t be a(-13). Let q be (t/(-16))/(1/(-120)). Calculate the highest common divisor of 12 and q.
12
Let t be (-3)/(-6)*2*47. Suppose -5*v - 15 + 67 = -2*k, 3*k = -5*v + t. Let j be 6*1*v/3. Calculate the greatest common factor of j and 10.
10
Let a be (-354)/(-3) + (0/2 - -2). What is the greatest common factor of 24 and a?
24
Let f(i) = -i**2 - 4*i. Let k be f(-4). Suppose k = -7*m + 6*m + 45. Calculate the highest common factor of 5 and m.
5
Suppose -3 = -4*y + 1. Suppose -c - 1 = 0, 17 = 5*w + 5*c - 13. What is the highest common factor of y and w?
1
Let o(x) = -x**2 + 4*x + 1. Let y(b) = -b**2 + 4*b + 2. Let q(u) = 3*o(u) - 2*y(u). Let l be q(3). Calculate the highest common factor of 3 and l.
1
Let j = -55 - -71. Calculate the greatest common factor of 24 and j.
8
Let q = 9 + -5. Let v(b) = 2 + q - b + 2*b. Let h be v(5). Calculate the greatest common divisor of 55 and h.
11
Suppose 0*o + 2*o = -3*j + 424, 4*o = 2*j - 304. What is the greatest common factor of j and 16?
16
Let t(x) = -2 - 2*x + 10*x**2 + 5*x + 7*x**2. Let c be t(2). Let i(y) = -y**2 + 9*y - 9. Let w be i(6). Calculate the highest common factor of c and w.
9
Let u be 10/(-2)*(-8)/40. Suppose 19 - u = r. Calculate the greatest common divisor of r and 36.
18
Let k(z) = 15*z - 6. Let r be k(4). Calculate the greatest common factor of r and 36.
18
Suppose -4*q + 12 + 8 = 0. Suppose f - q*u + u - 7 = 0, 4*f - 28 = 2*u. Let k = -2 + f. What is the greatest common factor of k and 50?
5
Suppose 10 + 28 = 3*w - 5*u, -10 = -5*w - 5*u. What is the highest common factor of w and 54?
6
Let x(o) = -2*o - 6*o - o. Let t be x(-2). Let s(m) = -m**2 - 14*m + 5. Let l be s(-10). Calculate the greatest common divisor of l and t.
9
Let h = 31 + -7. Let f be 4/((0 + -3)/(-18)). What is the highest common factor of h and f?
24
Let a(g) = g**3 - 5*g**2 - g + 5. Let p be a(7). Let k = 14 - -19. Suppose k = 3*i - 3. What is the highest common factor of p and i?
12
Suppose -2*y + 6*y + 1454 = 5*g, 5*g = 10. Let k = -209 - y. What is the highest common factor of k and 19?
19
Let f(l) = l**2 - 6*l + 4. Let w be f(8). What is the greatest common divisor of w and 100?
20
Let o be (-15)/(30/6) - (-54 - 1). Calculate the highest common divisor of 572 and o.
52
Suppose 30*z = 25*z + 250. Calculate the greatest common factor of z and 5.
5
Suppose 77 = 5*n - 253. Let k = n - 24. Suppose 2*j + 16 = 72. Calculate the greatest common divisor of k and j.
14
Let q = -86 + 146. Let n = -42 + q. Let w be ((-108)/10)/((-5)/25). Calculate the greatest common divisor of n and w.
18
Suppose 8 = -7*h + 9*h, -2*h = -u + 46. Calculate the greatest common divisor of 189 and u.
27
Let v be (11/(-1) - -2)*(-7 - 0). Suppose -6*d = -d. Let r be (d - -4)*7/4. What is the greatest common factor of v and r?
7
Let b be 4/20 - (-18)/10. Suppose -3*j + 2*a = -94, -4*j + b*a + 124 = -2*a. What is the greatest common divisor of 4 and j?
4
Let r = 123 + -106. Calculate the highest common divisor of r and 85.
17
Suppose 5*i - 2 - 3 = 0, 0 = 5*v + i - 196. Calculate the greatest common factor of 13 and v.
13
Suppose -5*f = -2*b - f + 60, f = -2*b + 85. Calculate the highest common divisor of b and 180.
20
Let t(w) = w**3 - 7*w**2 - 2*w - 8. Let o be t(8). Calculate the greatest common factor of 16 and o.
8
Suppose 4*j - 32 = -0*j. What is the highest common divisor of 24 and j?
8
Suppose 5*m = -p + 55, -m - 145 = p - 6*p. Suppose 2*r = -0*r + 20. What is the greatest common factor of r and p?
10
Let v(o) = -o**2 + 17*o + 18. Let r be v(17). Calculate the greatest common divisor of r and 90.
18
Suppose 4*s + 0*s - 1108 = 2*p, -5*s = -3*p - 1387. What is the highest common divisor of s and 25?
25
Suppose -2*o + 64 = o - q, -q = 4. Suppose 0 = -5*w - 2*r + 50, -5*w + 15 + o = -r. Calculate the highest common factor of 4 and w.
4
Let t(s) = 2*s**2 - 2*s - 4. Let d be t(3). Suppose -d = -3*y + g + 12, 4*y + 3*g = 5. What is the greatest common divisor of y and 20?
5
Let b(m) = m**2 - m - 10. Let x be b(10). What is the highest common factor of 30 and x?
10
Let g be -2*(-1 - (-1 + 1)). Let q = -31 - -33. What is the highest common factor of q and g?
2
Let s = 191 + -46. Calculate the highest common factor of s and 58.
29
Let w(q) be the first derivative of q**3/3 - 3*q**2/2 + 6*q - 3. Let g be w(6). Calculate the greatest common divisor of 3 and g.
3
Suppose -2*d = -3*r + 21, 0*r = 5*r - d - 28. Calculate the highest common divisor of r and 35.
5
Suppose 4*k = -5*v + 648, 2*k = v - 2*k - 120. Suppose -5*h = -a + 21 - 5, -16 = -a + h. Calculate the highest common factor of v and a.
16
Let o = 4 + -9. Let v be -2 + 1 + 16 - -1. Let l be (v/o)/((-1)/5). Calculate the greatest common factor of l and 8.
8
Suppose -5 = -5*c + 10. Let r be (-27)/(-12)*4*c. Calculate the highest common factor of r and 18.
9
Let d(w) = 71*w**3 + w**2. Let r be d(1). Suppose -5*m + 2*f = -r, 1 = -f - 0. Suppose -p + 2*p = m. Calculate the greatest common factor of 56 and p.
14
Let c(h) = 6*h + 73. Let g be c(27). Calculate the greatest common divisor of g and 47.
47
Let d be (10*4/8)/((-3)/(-15)). Calculate the highest common factor of 75 and d.
25
Suppose 0 = -6*g + 3*g, 15 = h - 5*g. Suppose -k = -185 + 20. What is the greatest common factor of k and h?
15
Let k = -12 + 18. Let n(q) = -q**3 + 6*q**2 + 3*q - 3. Let i be n(k). Calculate the highest common factor of i and 5.
5
Suppose 9 = -k - 3. Let v be -3 + (k/(-2) - -1). Suppose -60 = -4*c + v*d, 5*c = -0*c - 5*d + 45. Calculate the greatest common factor of 18 and c.
6
Suppose 84 = 3*q + 2*v, -5*q - 4*v + 3*v = -133. Let i = q - -254. Suppose 0 = 7*a - 2*a - i. Calculate the highest common divisor of a and 7.
7
Let p = 15 - 11. Let m be (-336)/(-35) + (-2)/(-5). Calculate the greatest common factor of m and p.
2
Suppose 182 = 5*w + 62. Calculate the greatest common divisor of 24 a